20
What is the remainder when 10566 is divided by 266?
192
What is the remainder when 136955 is divided by 19564?
7
What is the remainder when 314283 is divided by 1403?
11
Calculate the remainder when 325284 is divided by 87.
78
What is the remainder when 4813 is divided by 242?
215
What is the remainder when 11176 is divided by 186?
16
What is the remainder when 16247 is divided by 204?
131
Calculate the remainder when 189704 is divided by 2832.
2792
Calculate the remainder when 37727 is divided by 389.
383
What is the remainder when 8840 is divided by 883?
10
What is the remainder when 54064 is divided by 53?
4
What is the remainder when 211482 is divided by 70486?
24
Calculate the remainder when 59611 is divided by 727.
724
Calculate the remainder when 115070 is divided by 951.
950
What is the remainder when 17816 is divided by 188?
144
What is the remainder when 15350 is divided by 175?
125
Calculate the remainder when 352005 is divided by 1913.
13
What is the remainder when 20895 is divided by 38?
33
Calculate the remainder when 3647 is divided by 340.
247
What is the remainder when 345881 is divided by 308?
305
Calculate the remainder when 1992560 is divided by 1073.
1072
What is the remainder when 1270834 is divided by 492?
490
What is the remainder when 1197 is divided by 114?
57
What is the remainder when 219068 is divided by 73?
68
What is the remainder when 32938 is divided by 8233?
6
Calculate the remainder when 1794 is divided by 34.
26
Calculate the remainder when 28593 is divided by 3149.
252
Calculate the remainder when 84735 is divided by 3851.
13
Calculate the remainder when 267290 is divided by 150.
140
Calculate the remainder when 2694 is divided by 91.
55
What is the remainder when 219084 is divided by 652?
12
Calculate the remainder when 26044 is divided by 1851.
130
Calculate the remainder when 406799 is divided by 81.
17
What is the remainder when 1262 is divided by 208?
14
What is the remainder when 199018 is divided by 124?
122
What is the remainder when 16477238 is divided by 13?
11
Calculate the remainder when 56244 is divided by 10.
4
Calculate the remainder when 10852 is divided by 122.
116
What is the remainder when 41532 is divided by 23?
17
Calculate the remainder when 2999 is divided by 183.
71
What is the remainder when 38245 is divided by 252?
193
Calculate the remainder when 6598 is divided by 6594.
4
What is the remainder when 289285 is divided by 144574?
137
What is the remainder when 71937 is divided by 11?
8
What is the remainder when 9741 is divided by 191?
0
What is the remainder when 2789 is divided by 206?
111
What is the remainder when 12945 is divided by 6442?
61
What is the remainder when 16838 is divided by 14?
10
What is the remainder when 21671 is divided by 21659?
12
What is the remainder when 1677 is divided by 558?
3
Calculate the remainder when 81261 is divided by 47.
45
Calculate the remainder when 32993 is divided by 146.
143
What is the remainder when 1810070 is divided by 142?
138
What is the remainder when 4829 is divided by 610?
559
What is the remainder when 8283 is divided by 1331?
297
Calculate the remainder when 1181553 is divided by 473.
472
What is the remainder when 13049 is divided by 1?
0
What is the remainder when 71724 is divided by 797?
791
Calculate the remainder when 54070 is divided by 98.
72
What is the remainder when 124274 is divided by 47?
6
What is the remainder when 5697600 is divided by 89?
87
Calculate the remainder when 1432 is divided by 266.
102
Calculate the remainder when 8652 is divided by 110.
72
Calculate the remainder when 6023 is divided by 35.
3
What is the remainder when 3228 is divided by 298?
248
What is the remainder when 11328 is divided by 697?
176
What is the remainder when 48908 is divided by 68?
16
What is the remainder when 1438 is divided by 77?
52
Calculate the remainder when 503347 is divided by 76.
75
Calculate the remainder when 3000 is divided by 218.
166
Calculate the remainder when 31061 is divided by 517.
41
What is the remainder when 15313 is divided by 2549?
19
Calculate the remainder when 16095 is divided by 5.
0
What is the remainder when 748 is divided by 7?
6
What is the remainder when 22679 is divided by 197?
24
What is the remainder when 6880 is divided by 3304?
272
What is the remainder when 3748 is divided by 601?
142
Calculate the remainder when 172837 is divided by 1405.
22
What is the remainder when 13517 is divided by 265?
2
What is the remainder when 93580 is divided by 5?
0
What is the remainder when 29501 is divided by 7374?
5
What is the remainder when 2165 is divided by 231?
86
What is the remainder when 16120 is divided by 16112?
8
Calculate the remainder when 1395 is divided by 393.
216
Calculate the remainder when 614781 is divided by 2070.
2061
What is the remainder when 8847 is divided by 79?
78
What is the remainder when 2283 is divided by 267?
147
What is the remainder when 317693 is divided by 372?
5
What is the remainder when 29677 is divided by 448?
109
What is the remainder when 39811 is divided by 474?
469
Calculate the remainder when 4796 is divided by 406.
330
Calculate the remainder when 1773197 is divided by 775.
772
What is the remainder when 21729 is divided by 139?
45
What is the remainder when 19939 is divided by 289?
287
Calculate the remainder when 198515 is divided by 264.
251
What is the remainder when 96889 is divided by 24220?
9
What is the remainder when 103423 is divided by 1055?
33
What is the remainder when 5694 is divided by 114?
108
What is the remainder when 13574 is divided by 424?
6
What is the remainder when 18982 is divided by 500?
482
What is the remainder when 920918 is divided by 140?
138
What is the remainder when 168 is divided by 56?
0
What is the remainder when 21379 is divided by 2137?
9
What is the remainder when 108534 is divided by 443?
442
What is the remainder when 205584 is divided by 51?
3
Calculate the remainder when 2648 is divided by 2647.
1
Calculate the remainder when 8383 is divided by 109.
99
What is the remainder when 163346 is divided by 54?
50
What is the remainder when 67866 is divided by 67768?
98
What is the remainder when 26613 is divided by 2217?
9
What is the remainder when 526583 is divided by 526577?
6
Calculate the remainder when 6424 is divided by 5896.
528
Calculate the remainder when 254 is divided by 17.
16
Calculate the remainder when 1170 is divided by 581.
8
Calculate the remainder when 8990 is divided by 198.
80
Calculate the remainder when 4743 is divided by 1175.
43
What is the remainder when 118227 is divided by 59112?
3
What is the remainder when 25343 is divided by 78?
71
What is the remainder when 18838 is divided by 207?
1
Calculate the remainder when 1425 is divided by 435.
120
Calculate the remainder when 74629 is divided by 48.
37
What is the remainder when 4386 is divided by 2185?
16
What is the remainder when 1359 is divided by 48?
15
Calculate the remainder when 6595 is divided by 9.
7
What is the remainder when 4908 is divided by 157?
41
What is the remainder when 193893 is divided by 157?
155
Calculate the remainder when 294963 is divided by 18.
15
Calculate the remainder when 2048 is divided by 790.
468
What is the remainder when 329 is divided by 123?
83
Calculate the remainder when 1720359 is divided by 205.
204
Calculate the remainder when 86462 is divided by 406.
390
Calculate the remainder when 169642 is divided by 8482.
2
What is the remainder when 27740 is divided by 107?
27
What is the remainder when 42381 is divided by 1512?
45
Calculate the remainder when 646432 is divided by 80802.
16
What is the remainder when 998135 is divided by 8531?
8
What is the remainder when 11550 is divided by 58?
8
Calculate the remainder when 81314 is divided by 231.
2
Calculate the remainder when 6934 is divided by 178.
170
What is the remainder when 22614 is divided by 5?
4
Calculate the remainder when 307934 is divided by 15.
14
Calculate the remainder when 1068134 is divided by 292.
290
Calculate the remainder when 244614 is divided by 35.
34
What is the remainder when 55378 is divided by 1981?
1891
What is the remainder when 21006 is divided by 778?
0
Calculate the remainder when 24029 is divided by 8006.
11
What is the 